2*o**3 + 11*o**2 + 10*o - 40. Is z(13) a composite number?
False
Let c(n) = n**3 + 6*n**2 + 8*n + 5. Let j be c(-4). Suppose 4 = -j*m - 1, -4*y = -2*m - 3198. Is y prime?
False
Let y be 4/6 + 280/(-42). Let m = y + 13. Suppose -5*o - 1127 = -3*i, 2*o + 3 - m = 0. Is i a prime number?
True
Suppose u + 5*b = 2785 + 9423, 0 = 4*u - 2*b - 48810. Is u prime?
True
Let w(z) = -2*z**3 - 13*z**2 - 10*z - 2. Let j be w(-8). Suppose g - 83 - j = 0. Is g prime?
True
Suppose -j + 5*c = -18, c = -2 - 1. Suppose -5*t + s = -91, -4*t + 45 = -t - j*s. Is t a composite number?
False
Let d(m) = m**3 + 11*m**2 - 2*m + 5. Let q = 19 - 30. Let b be d(q). Let g = b + 26. Is g prime?
True
Let r(s) be the first derivative of -3*s**3/2 - 3*s**2/2 - 4*s + 4. Let g(z) be the first derivative of r(z). Is g(-10) a prime number?
False
Let r(u) = 5*u**3 - 7*u**2 + 6*u - 11. Is r(5) a prime number?
False
Suppose 2*l - 4577 = 16325. Is l a prime number?
False
Suppose -3*y + 6122 - 1622 = -3*l, y + 3*l = 1508. Is y composite?
True
Let p be (-1 + 3)/(2/153). Let d = p - -8. Is d prime?
False
Suppose 13*f - 5*f - 1161608 = 0. Is f a composite number?
True
Let d(y) = -154*y + 655. Is d(-51) a composite number?
True
Let j be (201/(-18)*-9)/(3/44). Suppose 2*v - 5*m = 601, m = 5*v - 2*m - j. Is v prime?
True
Let p(y) = 82*y**3 - 2*y**2 - 18*y + 8. Is p(5) a prime number?
False
Suppose -x - 4 = -2*l, x + l - 14 = -3*l. Is 0/(x/1) - (-149 + 6) composite?
True
Suppose 0*y + 2 = y. Let t(m) = -6*m**3 - 3*m**2 + 3*m + 3. Let c be t(-3). Suppose -y*n - n = -c. Is n composite?
False
Let q = 38 + -36. Let t(v) = -9*v - v**2 + 12 + q + 5*v + 2*v**2. Is t(17) prime?
False
Let u = -19 - -17. Let z be u*1/(6/333). Let d = 2 - z. Is d a composite number?
False
Suppose 5 = 5*n - 0*n. Let k be (-21600)/(-14) - n/(-7). Let q = k - 624. Is q a composite number?
False
Let m(y) = 177*y**2 + 514*y + 19. Is m(-8) composite?
True
Let f be ((-10)/3 - 0)*9/2. Let b(o) = -o**3 - 4*o**2 + 21*o - 1. Is b(f) a prime number?
False
Suppose 54615 = 5*r - 4*f - f, -43684 = -4*r + 2*f. Is r a prime number?
False
Is -1 + -2 + 3 - (-2115 + -2) composite?
True
Let k = -77707 - -109350. Is k composite?
False
Let i be -1 + 0/(-2*(-4)/(-8)). Is (25242/(-63))/(i*(-4)/(-42)) a composite number?
True
Let x = 6470 + -4213. Let i = x + -1110. Is i composite?
True
Let y be (4 + 408 - 1) + -2. Let g be 2/(-7) + 4006/7. Let f = g - y. Is f composite?
False
Suppose 2*t = -29*t + 1017389. Is t a prime number?
False
Let o = 4 + -1. Let n(k) = -k**3 - 8*k**2 + 7*k - 18. Let i be n(-9). Suppose -227 = -5*f - o*j, i = -2*f + j - 3*j + 94. Is f composite?
False
Let w(x) = 25*x. Let j be w(2). Suppose 209 + j = m. Is m prime?
False
Let b be 12/(-6)*10/(-4). Suppose 308 - 1313 = -b*l. Suppose -l = o - 4*o. Is o a prime number?
True
Suppose -3*o + 34665 = 4*b - 2*b, b + 2*o - 17331 = 0. Is b prime?
False
Let h(f) = 6*f**2 - 3*f + 3 + 9 + 5*f + 3*f. Is h(-11) composite?
False
Let n(f) = -3*f - 1. Let z be n(-1). Suppose 20 = z*p - p. Let v = 34 - p. Is v a composite number?
True
Is (-2)/6*-1335*2/2 composite?
True
Suppose -4*j + 6802 + 49002 = 0. Is j a prime number?
False
Let n = -1172 - -2881. Is n a composite number?
False
Let i = -30915 - -61130. Is i prime?
False
Suppose 655 = 7*j - 297. Let k = 237 + j. Is k composite?
False
Suppose -16*a + 6235 = -3445. Let v be (3/(-2))/(-3)*8. Suppose -9*u = -v*u - a. Is u prime?
False
Let p(q) = q**3 + 4. Let g be p(2). Suppose -2*t + g = 2*t. Suppose 0 = -f + t*l + 437, -f + 6*f - 2233 = 3*l. Is f a composite number?
False
Suppose 635001 = 35*q + 16*q. Is q composite?
False
Let j = 112 - 115. Is ((-251)/(-2))/((-5)/(30/j)) a prime number?
True
Let i = 120927 + -69976. Is i prime?
True
Suppose 7*h = -11*h + 36. Suppose c + 2*c = 0. Suppose c = h*r + 5*i - 23 - 0, -2*i = -r + 25. Is r prime?
True
Suppose 14*a + 5937 = 17*a. Is a prime?
True
Suppose -2*y - 34019 = 19*k - 24*k, 0 = -3*y + 9. Is k prime?
False
Let d(i) = 3*i**2 - 2*i - 7. Let k be d(3). Is 4/k - (2 - 77636/28) a prime number?
False
Let s(p) = p**3 - 2*p**2 - 17*p + 10. Let w be s(5). Suppose w = -5*v - 720 + 8230. Is v composite?
True
Let g be (33 - 0)*(-365)/(-15). Let o = g - 262. Is o composite?
False
Is (-37052)/(-5) - 45/(-75) composite?
False
Suppose -5*r = 2*u - 0*r - 150, -u + 81 = 4*r. Let v = 552 - u. Is v prime?
True
Suppose -10 - 6 = -4*g. Let m be 518*g/8 + 3. Let r = -41 + m. Is r a prime number?
False
Let f(k) = k**3 - 11*k**2 - 27*k + 64. Is f(21) a composite number?
False
Let k(f) be the third derivative of 7*f**5/3 + f**4/24 - f**3/3 - 2*f**2. Suppose i - 1 = -5*g, -i - 3*g + 2 - 1 = 0. Is k(i) a composite number?
False
Let q be (2/(-2))/(3/18). Is (-194)/q + 8/(-6) composite?
False
Let s be (399/(-18))/(-7) + (-7)/42. Suppose l = -s*q + 2306, -1 = -2*l - 3. Is q prime?
True
Suppose 57*m - 1509267 - 4764438 = 0. Is m prime?
False
Let b(f) be the first derivative of 0*f**2 + 3*f + 1/4*f**4 - 10 - 2*f**3. Is b(8) prime?
True
Suppose 4*r + 0*a - 56 = 4*a, -32 = -3*r + 5*a. Suppose -d = -4 - r. Is d prime?
True
Let u be (-5 - 132/(-30))/((-2)/74110). Suppose -242*k + 245*k = u. Is k a prime number?
True
Let y be (28/(-6) + 0)/(2/(-18)). Suppose 550 = 2*a + y. Is a a composite number?
True
Let l = 26 + -27. Is 0 - l*(-479)/(-1) a prime number?
True
Suppose -1 = -5*p - 4*z - 19, -33 = 5*p - z. Let j(x) = -605*x + 23. Is j(p) prime?
False
Let i = 7 + -4. Suppose -i*j + 2910 = -1626. Suppose -5*b + 1093 = -j. Is b a prime number?
True
Suppose 17*v - 30 = 15*v. Suppose v*n - 46211 = 4*n. Is n a prime number?
True
Let u(w) = 917*w + 17. Is u(6) a prime number?
True
Suppose 6*y = 6983 + 11095. Is y prime?
False
Let f(o) = -827*o**2 + 2*o + 1. Suppose -2*x + 5 = -7*x. Let p be f(x). Is p/(-4) + 0 - 1 prime?
False
Suppose -3*o + 16 = 7. Suppose -4*c = -5*c + o. Is 978 + (-12)/c - 1 prime?
False
Let l(t) be the third derivative of 17*t**5/60 + t**4/12 + t**3/2 - 2*t**2. Let n(s) = -s**2 + 3*s + 2. Let f be n(-1). Is l(f) a composite number?
False
Let v be 2 - (0 - (-132)/(-2)). Suppose 3*o = 4*x - 259 - 13, -x + 2*o + v = 0. Is (-4)/(-34) + 30116/x a composite number?
False
Suppose 5*g = 4232 + 17453. Is g prime?
True
Suppose -8*k + 6881 = -k. Is k a prime number?
True
Let t(p) = -25*p + 2. Suppose 5*x + 10 = -5. Is t(x) a prime number?
False
Let d(a) = -19*a + 51. Let s be d(3). Let g(h) = -h**3 - h**2 + 3*h - 5 + 1 - 1. Is g(s) a composite number?
False
Let q(p) = 4*p**2 + 11*p - 8. Let k be q(-8). Suppose -2*d + 498 = k. Suppose 4*n + 7 = -2*o + 89, -5*o + 2*n + d = 0. Is o a composite number?
True
Suppose 0 = -4*f + 670 - 190. Suppose -v + 3*v - 6 = 0. Suppose -2*l + f = v*l - 5*b, -2*l = -4*b - 54. Is l a prime number?
False
Let p be (-2)/(3 + (-21)/6). Suppose g - 234 = -0*g + p*u, -2*g + u + 482 = 0. Suppose d + z = 48, -4*d = -9*d - 3*z + g. Is d composite?
True
Suppose 16*g = -10*g + 311506. Is g a composite number?
False
Let f(z) = -5*z**3 + 2*z**2 - 4. Let o(m) = m + 5. Let k be o(-8). Is f(k) a prime number?
True
Let o(d) be the third derivative of -d**6/120 + d**5/12 - d**4/24 + d**3/3 + 8*d**2. Is o(-5) a prime number?
True
Let w(o) = -9953*o + 6. Let z be w(1). Let u = -4774 - z. Is u prime?
False
Let q(n) = 3*n - 1. Let o be q(2). Suppose -2*r - 19 = -2*j + o, 4*j + 60 = -5*r. Is -17*(r - (-2 + 1)) a composite number?
True
Let g(j) = j - 8. Let l be g(5). Let s(a) = -9*a - 10. Let r be s(3). Let p = l - r. Is p composite?
True
Suppose 4*n - 20 = -0. Suppose -25 = 5*q, -2*t - n*q - 130 = -863. Is t a composite number?
False
Suppose -11568 - 2163 = -3*r. Is r a composite number?
True
Suppose 4*b = -3 - 13. Is 3397/7 + b/14 composite?
True
Let q = -132 + 128. Is (1 - 0)/(q/(-11540)) a composite number?
True
Suppose x - 2977 = -2*u, -2*u - 11926 = -4*x - 4*u. Let b = -1913 + x. Suppose 0 = -2*i + 4*f + b, 3*i - 2699 = -2*i + 2*f. Is i composite?
False
Let t = -2420 - -3523. Is t a prime number?
True
Let g(n) = 60*n**3 + 6*n**2 - 13*n. Let i be g(-7). Is ((-4)/7)/(10/i) composite?
True
Let y be -2*(-5)/30*(1 + -1). Suppose -2*j = -y*j - 2174. Is j a prime number?
True
Suppose o = 3071 - 481. Suppose 10*z + o = 20*z. Is z composite?
True
Let h(g) = 4*g + 6. Let w(i) = -4*i - 7. Let x(z) = -4*h(z) - 3*w(z). Suppose 